igit of 2436?
3
What is the hundreds digit of 201?
2
What is the units digit of 3892?
2
What is the units digit of 7212?
2
What is the tens digit of 3107?
0
What is the tens digit of 20140?
4
What is the hundreds digit of 80838?
8
What is the ten thousands digit of 22082?
2
What is the hundreds digit of 59546?
5
What is the hundreds digit of 258?
2
What is the hundreds digit of 1226?
2
What is the hundreds digit of 1468?
4
What is the tens digit of 40955?
5
What is the tens digit of 786?
8
What is the hundreds digit of 6905?
9
What is the units digit of 1153?
3
What is the hundreds digit of 13622?
6
What is the hundreds digit of 10546?
5
What is the tens digit of 983?
8
What is the units digit of 56891?
1
What is the units digit of 970?
0
What is the units digit of 13211?
1
What is the tens digit of 51249?
4
What is the hundreds digit of 32775?
7
What is the hundreds digit of 463?
4
What is the tens digit of 4919?
1
What is the hundreds digit of 2988?
9
What is the hundreds digit of 109725?
7
What is the units digit of 34410?
0
What is the units digit of 2947?
7
What is the thousands digit of 8951?
8
What is the thousands digit of 82436?
2
What is the units digit of 82?
2
What is the thousands digit of 29327?
9
What is the tens digit of 278?
7
What is the tens digit of 77771?
7
What is the units digit of 2183?
3
What is the units digit of 1016?
6
What is the hundreds digit of 476?
4
What is the hundreds digit of 4556?
5
What is the hundreds digit of 782?
7
What is the hundreds digit of 83159?
1
What is the units digit of 4640?
0
What is the tens digit of 2598?
9
What is the units digit of 71?
1
What is the thousands digit of 42731?
2
What is the hundreds digit of 223?
2
What is the hundreds digit of 11509?
5
What is the thousands digit of 6297?
6
What is the units digit of 132257?
7
What is the hundreds digit of 21997?
9
What is the units digit of 342?
2
What is the hundreds digit of 36090?
0
What is the tens digit of 6128?
2
What is the thousands digit of 22869?
2
What is the thousands digit of 1093?
1
What is the units digit of 573?
3
What is the thousands digit of 5582?
5
What is the thousands digit of 1179?
1
What is the thousands digit of 8977?
8
What is the thousands digit of 21119?
1
What is the tens digit of 42069?
6
What is the thousands digit of 22333?
2
What is the thousands digit of 5671?
5
What is the ten thousands digit of 15882?
1
What is the thousands digit of 111231?
1
What is the tens digit of 94084?
8
What is the ten thousands digit of 22367?
2
What is the tens digit of 47744?
4
What is the units digit of 145?
5
What is the hundreds digit of 9030?
0
What is the thousands digit of 50110?
0
What is the thousands digit of 2477?
2
What is the hundreds digit of 61994?
9
What is the ten thousands digit of 48479?
4
What is the thousands digit of 3699?
3
What is the ten thousands digit of 25183?
2
What is the hundreds digit of 2002?
0
What is the hundreds digit of 50343?
3
What is the hundreds digit of 2039?
0
What is the hundreds digit of 535?
5
What is the thousands digit of 1228?
1
What is the thousands digit of 2598?
2
What is the tens digit of 399?
9
What is the thousands digit of 25119?
5
What is the thousands digit of 83552?
3
What is the units digit of 73799?
9
What is the units digit of 964?
4
What is the tens digit of 7273?
7
What is the tens digit of 616?
1
What is the hundreds digit of 8399?
3
What is the ten thousands digit of 66146?
6
What is the thousands digit of 86630?
6
What is the units digit of 7472?
2
What is the thousands digit of 3124?
3
What is the hundreds digit of 360?
3
What is the units digit of 1116?
6
What is the tens digit of 42427?
2
What is the ten thousands digit of 12805?
1
What is the tens digit of 3130?
3
What is the hundred thousands digit of 105550?
1
What is the thousands digit of 1911?
1
What is the units digit of 737?
7
What is the thousands digit of 13371?
3
What is the units digit of 17162?
2
What is the thousands digit of 6894?
6
What is the thousands digit of 52630?
2
What is the thousands digit of 53900?
3
What is the hundreds digit of 74388?
3
What is the hundreds digit of 9311?
3
What is the tens digit of 9784?
8
What is the units digit of 26566?
6
What is the thousands digit of 5511?
5
What is the tens digit of 4903?
0
What is the hundreds digit of 776?
7
What is the ten thousands digit of 43696?
4
What is the units digit of 19133?
3
What is the hundreds digit of 3428?
4
What is the hundreds digit of 1363?
3
What is the hundreds digit of 4073?
0
What is the ten thousands digit of 77366?
7
What is the tens digit of 85333?
3
What is the hundreds digit of 83961?
9
What is the tens digit of 1457?
5
What is the units digit of 248?
8
What is the thousands digit of 17890?
7
What is the units digit of 17003?
3
What is the units digit of 1176?
6
What is the units digit of 42119?
9
What is the hundreds digit of 24944?
9
What is the units digit of 750?
0
What is the units digit of 45459?
9
What is the thousands digit of 8805?
8
What is the units digit of 911?
1
What is the hundreds digit of 855?
8
What is the units digit of 15773?
3
What is the units digit of 40204?
4
What is the units digit of 986?
6
What is the ten thousands digit of 70075?
7
What is the tens digit of 891?
9
What is the hundreds digit of 14467?
4
What is the hundreds digit of 3574?
5
What is the units digit of 5862?
2
What is the tens digit of 3025?
2
What is the thousands digit of 1738?
1
What is the tens digit of 2847?
4
What is the thousands digit of 30231?
0
What is the thousands digit of 11666?
1
What is the units digit of 1091?
1
What is the tens digit of 1304?
0
What is the units digit of 59483?
3
What is the units digit of 670?
0
What is the ten thousands digit of 10151?
1
What is the tens digit of 1832?
3
What is the hundreds digit of 184?
1
What is the ten thousands digit of 173068?
7
What is the units digit of 2069?
9
What is the units digit of 74?
4
What is the units digit of 131485?
5
What is the hundreds digit of 647?
6
What is the ten thousands digit of 19737?
1
What is the units digit of 15586?
6
What is the tens digit of 276?
7
What is the units digit of 805?
5
What is the units digit of 5091?
1
What is the thousands digit of 18789?
8
What is the hundreds digit of 14639?
6
What is the thousands digit of 45018?
5
What is the thousands digit of 21228?
1
What is the hundreds digit of 23166?
1
What is the units digit of 196?
6
What is the tens digit of 488?
8
What is the hundreds digit of 1466?
4
What is the hundreds digit of 1712?
7
What is the hundreds digit of 3862?
8
What is the tens digit of 4847?
4
What is the thousands digit of 9108?
9
What is the thousands digit of 24862?
4
What is the units digit of 24497?
7
What is the units digit of 6397?
7
What is the ten thousands digit of 182460?
8
What is the thousands digit of 19161?
9
What is the thousands digit of 1557?
1
What is the units digit of 29573?
3
What is the tens digit of 21672?
7
What is the thousands digit of 117910?
7
What is the hundreds digit of 158?
1
What is the units digit of 1471?
1
What is the units digit of 185?
5
What is the thousands digit of 2362?
2
What is the hundreds digit of 246?
2
What is the tens digit of 26507?
0
What is the units digit of 22867?
7
What is the units digit of 51815?
5
What is the hundreds digit of 65092?
0
What is the tens digit of 27988?
8
What is the thousands digit of 28013?
8
What is the units digit of 92023?
3
What is the hundreds digit of 14843?
8
What is the hundreds digit of 57198?
1
What is the hundreds digit of 11471?
4
What is the ten thousands digit of 34535?
3
What is the tens digit of 98585?
8
What is the units digit of 26750?
0
What is the tens digit of 1101?
0
What is the ten thousands digit of 53261?
5
What is the units digit of 343?
3
What is the thousands digit of 1653?
1
What is the hundreds digit of 7863?
8
What is the units digit of 1955?
5
What is the units digit of 6738?
8
What is the units digit of 8676?
6
What is the hundreds digit of 26290?
2
What is the tens digit of 5276?
7
What is the tens digit of 55120?
2
What is the ten thousands digit of 27317?
2
What is the tens digit of 43641?
4
What is the units digit of 77166?
6
What is the thousands digit of 17044?
7
What is the ten thous